{"id":185,"date":"2016-03-16T09:24:50","date_gmt":"2016-03-16T13:24:50","guid":{"rendered":"http:\/\/guangaje.gob.ec\/cotopaxi\/?page_id=185"},"modified":"2020-11-11T10:57:56","modified_gmt":"2020-11-11T14:57:56","slug":"rendicion-de-cuentas-2019-2","status":"publish","type":"page","link":"https:\/\/guangaje.gob.ec\/cotopaxi\/rendicion-de-cuentas-2019-2\/","title":{"rendered":"Rendici\u00f3n de Cuentas 2019"},"content":{"rendered":"<hr \/>\n<p>RENDICI\u00d2N DE CUENTAS A\u00d1O 2019<\/p>\n<p><a href=\"http:\/\/guangaje.gob.ec\/cotopaxi\/wp-content\/uploads\/2015\/09\/RENDICI\u00d3N-DE-CUENTAS-2015-XX-3.pdf\">RENDICI\u00d3N DE CUENTAS 2019-XX 3<\/a><\/p>\n<p><a href=\"http:\/\/guangaje.gob.ec\/cotopaxi\/wp-content\/uploads\/2015\/09\/GESTION-REALIZADA-2014-2015-GUANGAJE.pdf\">GESTION REALIZADA 2019-2023 GUANGAJE<\/a><\/p>\n<p>&nbsp;<\/p>\n","protected":false},"excerpt":{"rendered":"<p>RENDICI\u00d2N DE CUENTAS A\u00d1O 2019 RENDICI\u00d3N DE CUENTAS 2019-XX 3 GESTION REALIZADA 2019-2023 GUANGAJE &nbsp;<\/p>\n","protected":false},"author":2,"featured_media":0,"parent":0,"menu_order":0,"comment_status":"closed","ping_status":"closed","template":"","meta":{"footnotes":""},"class_list":["post-185","page","type-page","status-publish","hentry"],"yoast_head":"<!-- This site is optimized with the Yoast SEO plugin v26.9 - https:\/\/yoast.com\/product\/yoast-seo-wordpress\/ -->\n<title>Rendici\u00f3n de Cuentas 2019 - GAD parroquial Guangaje<\/title>\n<meta name=\"robots\" content=\"index, follow, max-snippet:-1, max-image-preview:large, max-video-preview:-1\" \/>\n<link rel=\"canonical\" href=\"https:\/\/guangaje.gob.ec\/cotopaxi\/rendicion-de-cuentas-2019-2\/\" \/>\n<meta property=\"og:locale\" content=\"es_ES\" \/>\n<meta property=\"og:type\" content=\"article\" \/>\n<meta property=\"og:title\" content=\"Rendici\u00f3n de Cuentas 2019 - GAD parroquial Guangaje\" \/>\n<meta property=\"og:description\" content=\"RENDICI\u00d2N DE CUENTAS A\u00d1O 2019 RENDICI\u00d3N DE CUENTAS 2019-XX 3 GESTION REALIZADA 2019-2023 GUANGAJE &nbsp;\" \/>\n<meta property=\"og:url\" content=\"https:\/\/guangaje.gob.ec\/cotopaxi\/rendicion-de-cuentas-2019-2\/\" \/>\n<meta property=\"og:site_name\" content=\"GAD parroquial Guangaje\" \/>\n<meta property=\"article:modified_time\" content=\"2020-11-11T14:57:56+00:00\" \/>\n<meta name=\"twitter:card\" content=\"summary_large_image\" \/>\n<script type=\"application\/ld+json\" class=\"yoast-schema-graph\">{\"@context\":\"https:\/\/schema.org\",\"@graph\":[{\"@type\":\"WebPage\",\"@id\":\"https:\/\/guangaje.gob.ec\/cotopaxi\/rendicion-de-cuentas-2019-2\/\",\"url\":\"https:\/\/guangaje.gob.ec\/cotopaxi\/rendicion-de-cuentas-2019-2\/\",\"name\":\"Rendici\u00f3n de Cuentas 2019 - GAD parroquial Guangaje\",\"isPartOf\":{\"@id\":\"https:\/\/guangaje.gob.ec\/cotopaxi\/#website\"},\"datePublished\":\"2016-03-16T13:24:50+00:00\",\"dateModified\":\"2020-11-11T14:57:56+00:00\",\"breadcrumb\":{\"@id\":\"https:\/\/guangaje.gob.ec\/cotopaxi\/rendicion-de-cuentas-2019-2\/#breadcrumb\"},\"inLanguage\":\"es\",\"potentialAction\":[{\"@type\":\"ReadAction\",\"target\":[\"https:\/\/guangaje.gob.ec\/cotopaxi\/rendicion-de-cuentas-2019-2\/\"]}]},{\"@type\":\"BreadcrumbList\",\"@id\":\"https:\/\/guangaje.gob.ec\/cotopaxi\/rendicion-de-cuentas-2019-2\/#breadcrumb\",\"itemListElement\":[{\"@type\":\"ListItem\",\"position\":1,\"name\":\"Home\",\"item\":\"https:\/\/guangaje.gob.ec\/cotopaxi\/\"},{\"@type\":\"ListItem\",\"position\":2,\"name\":\"Rendici\u00f3n de Cuentas 2019\"}]},{\"@type\":\"WebSite\",\"@id\":\"https:\/\/guangaje.gob.ec\/cotopaxi\/#website\",\"url\":\"https:\/\/guangaje.gob.ec\/cotopaxi\/\",\"name\":\"GAD parroquial Guangaje\",\"description\":\"Sitio Oficial del GAD Parroquial de Guangaje Cotopaxi\",\"potentialAction\":[{\"@type\":\"SearchAction\",\"target\":{\"@type\":\"EntryPoint\",\"urlTemplate\":\"https:\/\/guangaje.gob.ec\/cotopaxi\/?s={search_term_string}\"},\"query-input\":{\"@type\":\"PropertyValueSpecification\",\"valueRequired\":true,\"valueName\":\"search_term_string\"}}],\"inLanguage\":\"es\"}]}<\/script>\n<!-- \/ Yoast SEO plugin. -->","yoast_head_json":{"title":"Rendici\u00f3n de Cuentas 2019 - GAD parroquial Guangaje","robots":{"index":"index","follow":"follow","max-snippet":"max-snippet:-1","max-image-preview":"max-image-preview:large","max-video-preview":"max-video-preview:-1"},"canonical":"https:\/\/guangaje.gob.ec\/cotopaxi\/rendicion-de-cuentas-2019-2\/","og_locale":"es_ES","og_type":"article","og_title":"Rendici\u00f3n de Cuentas 2019 - GAD parroquial Guangaje","og_description":"RENDICI\u00d2N DE CUENTAS A\u00d1O 2019 RENDICI\u00d3N DE CUENTAS 2019-XX 3 GESTION REALIZADA 2019-2023 GUANGAJE &nbsp;","og_url":"https:\/\/guangaje.gob.ec\/cotopaxi\/rendicion-de-cuentas-2019-2\/","og_site_name":"GAD parroquial Guangaje","article_modified_time":"2020-11-11T14:57:56+00:00","twitter_card":"summary_large_image","schema":{"@context":"https:\/\/schema.org","@graph":[{"@type":"WebPage","@id":"https:\/\/guangaje.gob.ec\/cotopaxi\/rendicion-de-cuentas-2019-2\/","url":"https:\/\/guangaje.gob.ec\/cotopaxi\/rendicion-de-cuentas-2019-2\/","name":"Rendici\u00f3n de Cuentas 2019 - GAD parroquial Guangaje","isPartOf":{"@id":"https:\/\/guangaje.gob.ec\/cotopaxi\/#website"},"datePublished":"2016-03-16T13:24:50+00:00","dateModified":"2020-11-11T14:57:56+00:00","breadcrumb":{"@id":"https:\/\/guangaje.gob.ec\/cotopaxi\/rendicion-de-cuentas-2019-2\/#breadcrumb"},"inLanguage":"es","potentialAction":[{"@type":"ReadAction","target":["https:\/\/guangaje.gob.ec\/cotopaxi\/rendicion-de-cuentas-2019-2\/"]}]},{"@type":"BreadcrumbList","@id":"https:\/\/guangaje.gob.ec\/cotopaxi\/rendicion-de-cuentas-2019-2\/#breadcrumb","itemListElement":[{"@type":"ListItem","position":1,"name":"Home","item":"https:\/\/guangaje.gob.ec\/cotopaxi\/"},{"@type":"ListItem","position":2,"name":"Rendici\u00f3n de Cuentas 2019"}]},{"@type":"WebSite","@id":"https:\/\/guangaje.gob.ec\/cotopaxi\/#website","url":"https:\/\/guangaje.gob.ec\/cotopaxi\/","name":"GAD parroquial Guangaje","description":"Sitio Oficial del GAD Parroquial de Guangaje Cotopaxi","potentialAction":[{"@type":"SearchAction","target":{"@type":"EntryPoint","urlTemplate":"https:\/\/guangaje.gob.ec\/cotopaxi\/?s={search_term_string}"},"query-input":{"@type":"PropertyValueSpecification","valueRequired":true,"valueName":"search_term_string"}}],"inLanguage":"es"}]}},"_links":{"self":[{"href":"https:\/\/guangaje.gob.ec\/cotopaxi\/wp-json\/wp\/v2\/pages\/185","targetHints":{"allow":["GET"]}}],"collection":[{"href":"https:\/\/guangaje.gob.ec\/cotopaxi\/wp-json\/wp\/v2\/pages"}],"about":[{"href":"https:\/\/guangaje.gob.ec\/cotopaxi\/wp-json\/wp\/v2\/types\/page"}],"author":[{"embeddable":true,"href":"https:\/\/guangaje.gob.ec\/cotopaxi\/wp-json\/wp\/v2\/users\/2"}],"replies":[{"embeddable":true,"href":"https:\/\/guangaje.gob.ec\/cotopaxi\/wp-json\/wp\/v2\/comments?post=185"}],"version-history":[{"count":4,"href":"https:\/\/guangaje.gob.ec\/cotopaxi\/wp-json\/wp\/v2\/pages\/185\/revisions"}],"predecessor-version":[{"id":633,"href":"https:\/\/guangaje.gob.ec\/cotopaxi\/wp-json\/wp\/v2\/pages\/185\/revisions\/633"}],"wp:attachment":[{"href":"https:\/\/guangaje.gob.ec\/cotopaxi\/wp-json\/wp\/v2\/media?parent=185"}],"curies":[{"name":"wp","href":"https:\/\/api.w.org\/{rel}","templated":true}]}}